{"id":42,"date":"2020-03-19T11:58:14","date_gmt":"2020-03-19T11:58:14","guid":{"rendered":"http:\/\/anyabaxter.de\/?page_id=42"},"modified":"2020-06-25T13:23:11","modified_gmt":"2020-06-25T13:23:11","slug":"datenschutz","status":"publish","type":"page","link":"https:\/\/anyabaxter.de\/?page_id=42","title":{"rendered":"Datenschutz"},"content":{"rendered":"\n<h2 class=\"wp-block-heading\">Wer wir sind<\/h2>\n\n\n\n<p>Die Adresse unserer Website ist: http:\/\/anyabaxter.de.<\/p>\n\n\n\n<h2 class=\"wp-block-heading\">Welche personenbezogenen Daten wir sammeln und warum wir sie sammeln<\/h2>\n\n\n\n<h3 class=\"wp-block-heading\">Cookies<\/h3>\n\n\n\n<p>Wenn\n du einen Kommentar auf unserer Website schreibst, kann das eine \nEinwilligung sein, deinen Namen, E-Mail-Adresse und Website in Cookies \nzu speichern. Dies ist eine Komfortfunktion, damit du nicht, wenn du \neinen weiteren Kommentar schreibst, all diese Daten erneut eingeben \nmusst. Diese Cookies werden ein Jahr lang gespeichert.<\/p>\n\n\n\n<p>Falls du \nein Konto hast und dich auf dieser Website anmeldest, werden wir ein \ntempor\u00e4res Cookie setzen, um festzustellen, ob dein Browser Cookies \nakzeptiert. Dieses Cookie enth\u00e4lt keine personenbezogenen Daten und wird\n verworfen, wenn du deinen Browser schlie\u00dft.<\/p>\n\n\n\n<p>Wenn du dich \nanmeldest, werden wir einige Cookies einrichten, um deine \nAnmeldeinformationen und Anzeigeoptionen zu speichern. Anmelde-Cookies \nverfallen nach zwei Tagen und Cookies f\u00fcr die Anzeigeoptionen nach einem\n Jahr. Falls du bei der Anmeldung \u201eAngemeldet bleiben\u201c ausw\u00e4hlst, wird \ndeine Anmeldung zwei Wochen lang aufrechterhalten. Mit der Abmeldung aus\n deinem Konto werden die Anmelde-Cookies gel\u00f6scht.<\/p>\n\n\n\n<p>Wenn du einen \nArtikel bearbeitest oder ver\u00f6ffentlichst, wird ein zus\u00e4tzlicher Cookie \nin deinem Browser gespeichert. Dieser Cookie enth\u00e4lt keine \npersonenbezogenen Daten und verweist nur auf die Beitrags-ID des \nArtikels, den du gerade bearbeitet hast. Der Cookie verf\u00e4llt nach einem \nTag.<\/p>\n\n\n\n<h3 class=\"wp-block-heading\">Eingebettete Inhalte von anderen Websites<\/h3>\n\n\n\n<p>Beitr\u00e4ge\n auf dieser Website k\u00f6nnen eingebettete Inhalte beinhalten (z.&nbsp;B. \nVideos, Bilder, Beitr\u00e4ge etc.). Eingebettete Inhalte von anderen \nWebsites verhalten sich exakt so, als ob der Besucher die andere Website\n besucht h\u00e4tte.<\/p>\n\n\n\n<p>Diese Websites k\u00f6nnen Daten \u00fcber dich sammeln, \nCookies benutzen, zus\u00e4tzliche Tracking-Dienste von Dritten einbetten und\n deine Interaktion mit diesem eingebetteten Inhalt aufzeichnen, \ninklusive deiner Interaktion mit dem eingebetteten Inhalt, falls du ein \nKonto hast und auf dieser Website angemeldet bist.<\/p>\n\n\n\n<h3 class=\"wp-block-heading\">Analysedienste<\/h3>\n\n\n\n<h2 class=\"wp-block-heading\">Mit wem wir deine Daten teilen<\/h2>\n\n\n\n<h2 class=\"wp-block-heading\">Wie lange wir deine Daten speichern<\/h2>\n\n\n\n<p>Wenn\n du einen Kommentar schreibst, wird dieser inklusive Metadaten zeitlich \nunbegrenzt gespeichert. Auf diese Art k\u00f6nnen wir Folgekommentare \nautomatisch erkennen und freigeben, anstelle sie in einer \nModerations-Warteschlange festzuhalten.<\/p>\n\n\n\n<p>F\u00fcr Benutzer, die sich auf\n unserer Website registrieren, speichern wir zus\u00e4tzlich die pers\u00f6nlichen\n Informationen, die sie in ihren Benutzerprofilen angeben. Alle Benutzer\n k\u00f6nnen jederzeit ihre pers\u00f6nlichen Informationen einsehen, ver\u00e4ndern \noder l\u00f6schen (der Benutzername kann nicht ver\u00e4ndert werden). \nAdministratoren der Website k\u00f6nnen diese Informationen ebenfalls \neinsehen und ver\u00e4ndern.<\/p>\n\n\n\n<h2 class=\"wp-block-heading\">Welche Rechte du an deinen Daten hast<\/h2>\n\n\n\n<p>Wenn\n du ein Konto auf dieser Website besitzt oder Kommentare geschrieben \nhast, kannst du einen Export deiner personenbezogenen Daten bei uns \nanfordern, inklusive aller Daten, die du uns mitgeteilt hast. Dar\u00fcber \nhinaus kannst du die L\u00f6schung aller personenbezogenen Daten, die wir von\n dir gespeichert haben, anfordern. Dies umfasst nicht die Daten, die wir\n aufgrund administrativer, rechtlicher oder sicherheitsrelevanter \nNotwendigkeiten aufbewahren m\u00fcssen.<\/p>\n\n\n\n<h2 class=\"wp-block-heading\">Wohin wir deine Daten senden<\/h2>\n\n\n\n<p>Besucher-Kommentare k\u00f6nnten von einem automatisierten Dienst zur Spam-Erkennung untersucht werden.<\/p>\n\n\n\n<h2 class=\"wp-block-heading\">Deine Kontakt-Informationen<\/h2>\n\n\n\n<h2 class=\"wp-block-heading\">Weitere Informationen<\/h2>\n\n\n\n<h3 class=\"wp-block-heading\">Wie wir deine Daten sch\u00fctzen<\/h3>\n\n\n\n<h3 class=\"wp-block-heading\">Welche Ma\u00dfnahmen wir bei Datenschutzverletzungen anbieten<\/h3>\n\n\n\n<h3 class=\"wp-block-heading\">Von welchen Drittanbietern wir Daten erhalten<\/h3>\n\n\n\n<h3 class=\"wp-block-heading\">Welche automatisierte Entscheidungsfindung und\/oder Profilerstellung wir mit Benutzerdaten durchf\u00fchren<\/h3>\n\n\n\n<h3 class=\"wp-block-heading\">Vorausgesetzte Offenlegungspflichten der Industrie<\/h3>\n\n\n\n<p><\/p>\n","protected":false},"excerpt":{"rendered":"<p>Wer wir sind Die Adresse unserer Website ist: http:\/\/anyabaxter.de. Welche personenbezogenen Daten wir sammeln und warum wir sie sammeln Cookies Wenn du einen Kommentar auf unserer Website schreibst, kann das eine Einwilligung sein, deinen Namen, E-Mail-Adresse und Website in Cookies zu speichern. Dies ist eine Komfortfunktion, damit du nicht, wenn du einen weiteren Kommentar schreibst, &hellip; <\/p>\n<p class=\"link-more\"><a href=\"https:\/\/anyabaxter.de\/?page_id=42\" class=\"more-link\"><span class=\"screen-reader-text\">\u201eDatenschutz\u201c<\/span> weiterlesen<\/a><\/p>\n","protected":false},"author":2,"featured_media":0,"parent":48,"menu_order":3,"comment_status":"closed","ping_status":"closed","template":"","meta":{"footnotes":""},"class_list":["post-42","page","type-page","status-publish","hentry"],"_links":{"self":[{"href":"https:\/\/anyabaxter.de\/index.php?rest_route=\/wp\/v2\/pages\/42","targetHints":{"allow":["GET"]}}],"collection":[{"href":"https:\/\/anyabaxter.de\/index.php?rest_route=\/wp\/v2\/pages"}],"about":[{"href":"https:\/\/anyabaxter.de\/index.php?rest_route=\/wp\/v2\/types\/page"}],"author":[{"embeddable":true,"href":"https:\/\/anyabaxter.de\/index.php?rest_route=\/wp\/v2\/users\/2"}],"replies":[{"embeddable":true,"href":"https:\/\/anyabaxter.de\/index.php?rest_route=%2Fwp%2Fv2%2Fcomments&post=42"}],"version-history":[{"count":3,"href":"https:\/\/anyabaxter.de\/index.php?rest_route=\/wp\/v2\/pages\/42\/revisions"}],"predecessor-version":[{"id":59,"href":"https:\/\/anyabaxter.de\/index.php?rest_route=\/wp\/v2\/pages\/42\/revisions\/59"}],"up":[{"embeddable":true,"href":"https:\/\/anyabaxter.de\/index.php?rest_route=\/wp\/v2\/pages\/48"}],"wp:attachment":[{"href":"https:\/\/anyabaxter.de\/index.php?rest_route=%2Fwp%2Fv2%2Fmedia&parent=42"}],"curies":[{"name":"wp","href":"https:\/\/api.w.org\/{rel}","templated":true}]}}